+ -80. What is the greatest common divisor of c and v?
9
Suppose -4*z - 2*k = -z + 90, -2*z = 3*k + 65. Let d = -26 - z. Let b be d/2*(-8)/(-4). Calculate the greatest common divisor of 2 and b.
2
Suppose 81 = 4*y - 91. Calculate the highest common divisor of y and 86.
43
Let x be 135/8 + ((-93)/24 - -4). Let d be ((-14)/18 - -1) + (-1681)/(-9). Calculate the highest common divisor of d and x.
17
Let c = 4 + 3. Suppose c*x - 3*x - 1892 = 0. What is the highest common divisor of x and 43?
43
Let s(m) = m - 4. Suppose -2*g + 15 - 1 = 0. Let y be s(g). Let z(a) = a**2 + a + 3. Let t be z(y). Calculate the greatest common divisor of t and 6.
3
Let r(d) = -d**2 - 32*d - 100. Let g be r(-26). Calculate the greatest common factor of 1736 and g.
56
Let z(m) = -m**3 + 1. Let a be z(-1). Suppose 4*b = 3*b + a*r + 29, 3*b + 2*r = 71. Let l = 55 - b. What is the highest common factor of l and 75?
15
Let r = -1159 + 1807. What is the highest common factor of 120 and r?
24
Let v be 1026/(-42) - 12/21. Let s be 11 + -11 - v/1. Calculate the highest common divisor of s and 50.
25
Let j = -264 + 422. Let a = j - -7. Suppose -6*h + h = -a. Calculate the highest common factor of h and 11.
11
Suppose -4*v = -3*v - 7. Suppose 4 = -5*s - 3*f + 2, 20 = 2*s - 4*f. What is the highest common factor of v and s?
1
Suppose 2*h = 3*h + 4*z + 9, h = 2*z + 9. Let q(d) = -22*d + 4. Let j be q(h). Let y = j + 118. Calculate the highest common factor of y and 14.
14
Suppose 24 = 3*t - 3*p, -t - 3*p - 2 = -10. Let k be -8*(6 - 0)/(-6). What is the greatest common factor of k and t?
8
Let w be 4/5 - 1851/(-5). What is the highest common factor of 7 and w?
7
Let r be 15*4*2/10. Let t = r - 8. Suppose -53 = -4*z - 3*n + 12, t*n + 38 = 2*z. What is the greatest common factor of 34 and z?
17
Let f(m) be the second derivative of 13/12*m**4 + 0 - 3*m + 1/2*m**2 - 1/6*m**3. Let q be f(-2). What is the greatest common divisor of q and 5?
5
Let f be 2*(52/(-8) + 0). Let y = -6 - f. Suppose 7 + y = h. What is the highest common factor of 98 and h?
14
Let n be 1 + -12 + -7 + 9. Let b = 29 + n. Let r be 6/(-4)*b/(-3). What is the highest common divisor of r and 4?
2
Suppose 520 = -y + 3*y - 3*g, -4*g = 5*y - 1300. What is the highest common factor of 455 and y?
65
Suppose -278 = -5*n - 4*x, -n + x + 13 + 39 = 0. Let v = -260 - -440. Let q = 261 - v. What is the highest common factor of q and n?
27
Let b be -2 + 13 + (-12)/42*-14. What is the highest common divisor of b and 3240?
15
Let u(z) = 2*z**3 - 4*z**2 - 2*z + 7. Let h be u(3). Let s = h - 9. Calculate the highest common divisor of 2 and s.
2
Let l be -3*(-60)/35*28/3. What is the highest common factor of 15 and l?
3
Let k(g) = -g**3 - 10*g**2 + 12*g + 35. Let x be k(-11). Calculate the greatest common divisor of 32 and x.
8
Let u = -213 - -309. What is the greatest common divisor of u and 12?
12
Let q be (-6)/2*(3 - (-2 - -6)). Suppose -q*k = -20 - 1. Let y be ((-21)/(-2))/(2/4). Calculate the greatest common factor of k and y.
7
Suppose 5*k - 2*k - 45 = 0. Suppose 3*u + j - 11 = 0, -4*j + 3*j - 14 = -2*u. Suppose -u*n = -248 - 352. Calculate the greatest common divisor of k and n.
15
Suppose 3*t - 2*g = -0*g, -4*t = -2*g - 2. Let x(d) = -7 + 13 + t*d - 7*d + d**3 - 2. Let i be x(3). Calculate the highest common factor of 8 and i.
8
Let z(u) = 8*u - 21*u + 11*u + 2*u**2. Let h be z(5). Calculate the greatest common factor of h and 10.
10
Suppose 47*w - 41*w - 108 = 0. What is the greatest common factor of 90 and w?
18
Suppose 4*j - 171 = r, 5*j - 8*r = -6*r + 213. Calculate the highest common factor of j and 1.
1
Let m = -431 - -607. What is the highest common divisor of m and 48?
16
Let a(o) = o**2 + 8*o - 42. Let v be a(-8). Let w be 2/(-7) - 600/v. Calculate the greatest common divisor of w and 7.
7
Suppose -2*q = -m - 3 + 6, 5*m + 25 = 0. Let v be (2 - (q - 22)) + 0. Calculate the greatest common factor of 42 and v.
14
Suppose 1500 = 2*n - 5*p - 445, 4*n + 3*p - 3825 = 0. What is the highest common divisor of n and 60?
60
Let c = 51 - 47. Suppose -5*p - c = -89. Suppose -j + 14 = -37. Calculate the greatest common factor of p and j.
17
Suppose 0 = 3*o + 8*o - 6149. What is the greatest common factor of 13 and o?
13
Suppose 0 = 10*m - 553 + 153. Calculate the greatest common divisor of 20 and m.
20
Suppose 2*z + 0*z = 4*p - 136, 0 = -p + 3*z + 44. Let n be (-9)/(3 - (-102)/(-32)). Calculate the highest common divisor of p and n.
16
Let q(x) = x + 43. Let a be q(-19). What is the greatest common divisor of 324 and a?
12
Let k be (-4269)/(-21) - 3/(63/6). What is the greatest common factor of k and 232?
29
Let o = 557 - 556. What is the highest common divisor of o and 2?
1
Let h(d) = d**2 + 3*d - 7. Let f be h(-5). Suppose -x - 3*u - 6 = -25, 87 = 3*x + f*u. Suppose -g - x = -3*g. Calculate the highest common factor of 51 and g.
17
Let r = 21 + 35. Suppose -n - 2*t = -r, 2*n + 4*t + 212 = 6*n. What is the highest common factor of 6 and n?
6
Suppose -m = b - 5*m - 33, 4*b - 5*m = 77. Let a = 9 + 4. Calculate the highest common factor of a and b.
13
Let l = -15 - -30. Let x(i) = -i**3 - 7*i**2 - 16*i - 107. Let f be x(-7). What is the highest common divisor of f and l?
5
Let h = -575 + 1543. What is the highest common factor of 8 and h?
8
Suppose -2*c + 0*c + 80 = 2*u, 3*u + 70 = 2*c. Suppose 3*j - 2*l - 39 = l, 4*j = -3*l + c. What is the highest common factor of j and 88?
11
Let a = 126 - 87. Calculate the greatest common factor of 325 and a.
13
Suppose -4*d = 3*s - 74, 2*d - 43 = 5*s + 7. Calculate the greatest common factor of 320 and d.
20
Suppose 0 = 3*y + 2*b + 2*b - 94, y + 2*b = 30. Calculate the greatest common factor of 119 and y.
17
Let l(p) = p**3 - 2*p**2 - 2*p - 1. Let u be l(3). Let n be -1 + u - -13 - 2. What is the highest common divisor of n and 96?
12
Suppose -5*k + 155 = 5*z, -4*z - 2*k + 110 = -14. Suppose 796*m - 800*m = -992. Calculate the highest common divisor of m and z.
31
Suppose 2*v + 0*v = -2*p + 126, -4*p = -4*v + 292. What is the greatest common divisor of v and 544?
68
Let y = -1 + 1. Suppose y = 2*c + 5*x - 5, 70 = 4*c - 2*x. Calculate the greatest common divisor of 60 and c.
15
Suppose -10 + 2 = 3*o - c, -4*o = -c + 10. Let f be (-5 - 0)*11*o/5. What is the greatest common factor of f and 11?
11
Let w be (-7)/(-2)*(-160)/(-28). Suppose 0 = -o + 6*o - f - w, 4*o + 2*f = 2. Let k be (o - -3)*(1 - -13). What is the greatest common divisor of 12 and k?
12
Let c = 109 - 73. What is the highest common divisor of 9 and c?
9
Suppose n = 6*n - 150. Let g be ((-155)/10)/(1/2). Let m = 76 + g. Calculate the greatest common factor of m and n.
15
Let b(d) = d**2 + 48*d + 752. Let q be b(-35). What is the greatest common factor of q and 108?
27
Let t be -3 + -1 - -7 - 1. Suppose -147 = -m - t*m. Let i(o) = -o**3 - 10*o**2 - 10*o - 2. Let n be i(-9). Calculate the highest common divisor of m and n.
7
Suppose -2*j = -11 + 1. Suppose -38 = -j*z + 87. Let a = -11 + z. What is the highest common factor of a and 112?
14
Let b = -2144 - -2216. What is the highest common divisor of 324 and b?
36
Suppose 4*v - b - 386 = 0, v + 4*b = 2*v - 104. Calculate the highest common factor of 32 and v.
32
Suppose -m - 1 = -2*w + 2*m, 3*m - 20 = 5*w. Let a be 2/w - -2*(-171)/(-21). Calculate the highest common divisor of 1 and a.
1
Let q(v) = -2*v**2 - 92*v + 112. Let c be q(-46). Calculate the greatest common divisor of c and 308.
28
Suppose 2*x + i - 130 = 0, -2*i + 258 = 4*x + i. Suppose -2*d - 73 = -85. What is the greatest common factor of d and x?
6
Let o(f) = -2*f**2 - 20*f - 2. Let u be o(-8). Let y be (43 - 0) + (-3 - -5). Calculate the highest common factor of u and y.
15
Let s(z) = 16*z - 2. Let a be s(-1). Let q be 328/18 - a/(-81). What is the highest common divisor of 198 and q?
18
Let a = -2220 + 2235. Let w be (-1 - -5)*(-15)/(-2). Calculate the highest common divisor of w and a.
15
Let x = -1027 + 1029. Calculate the highest common divisor of x and 12.
2
Suppose 0 = 2*y - 185 - 5. Let l = y + -62. Let w(d) = -d**2 + 10*d + 14. Let o be w(11). Calculate the greatest common divisor of o and l.
3
Let g(p) = 20*p - 3*p**2 - 13*p + 4 + 4*p**2. Let l be g(-7). Calculate the greatest common divisor of l and 22.
2
Let s